 = 3*i**2 - 10*i - 142. What is w(10)?
58
Let g(b) = -16*b**3 - 3*b**2 - 28*b - 23. What is g(-1)?
18
Let f(d) = 3*d**2 - 6*d - 66. Calculate f(-4).
6
Let a(y) = -y**3 - 12*y**2 - 10*y - 96. What is a(-10)?
-196
Let v(o) = 2*o**2 - 71*o - 162. Give v(-2).
-12
Let b(u) = -u**2 - 3*u + 126. Determine b(14).
-112
Let f(r) = -13*r**2 + 97*r + 198. Determine f(9).
18
Let z(p) = -237*p**2 - 244*p - 2. Give z(-1).
5
Let n(q) = -q**3 + 63*q**2 + 162*q + 61. Calculate n(-2).
-3
Let j(n) = -24*n - 203. Determine j(-16).
181
Let q(p) = 4*p**3 - 25*p**2 + 21*p - 80. Give q(6).
10
Let z(v) = -3*v**3 - 11*v**2 + v + 1. Determine z(-4).
13
Let p(n) = -2*n**2 + 18*n + 5055. What is p(-46)?
-5
Let w(z) = 7*z**3 + 21*z**2 + 27*z + 85. What is w(-3)?
4
Let z(w) = 7*w**2 - 7*w + 1. What is z(-2)?
43
Let d(x) = 3*x**3 + 11*x**2 + 14*x - 11. Give d(-5).
-181
Let p(g) = -131*g - 7895. Determine p(-60).
-35
Let a(s) = -s**3 - 8*s**2 + 33*s - 23. Give a(-11).
-23
Let s(m) = 14*m**2 - 1217*m + 1108. Calculate s(86).
-10
Let m(b) = -b**3 - 46*b**2 + 17*b - 1409. What is m(-47)?
1
Let v(s) = s**3 - 22*s**2 - 28*s - 14. Calculate v(23).
-129
Let m(l) = 1507*l - 15084. Determine m(10).
-14
Let c(p) = 91*p**2 + 3*p - 3. Calculate c(2).
367
Let v(g) = 2*g + 36. What is v(-12)?
12
Let l(c) = -2*c**3 - 29*c**2 + 52*c + 52. Determine l(-16).
-12
Let o(n) = 8*n**3 - 2*n**2 - 3*n - 112. What is o(0)?
-112
Let c(j) = -6*j**2 - 276*j + 868. Determine c(-49).
-14
Let x(g) = -g**3 - 7*g**2 + 8*g - 28. Calculate x(-6).
-112
Let a(j) = -21*j**2 + 512*j + 304. Calculate a(25).
-21
Let x(b) = 20*b + 31. Give x(-4).
-49
Let r(z) = 731*z - 1470. Determine r(2).
-8
Let d(m) = -m**3 - 25*m**2 + 1562*m - 224. What is d(-54)?
-8
Let h(r) = -32*r + 609. Give h(20).
-31
Let w(f) = f**3 - 30*f**2 + 63*f + 4. Determine w(2).
18
Let o(q) = -q**3 - 81*q**2 - 57*q + 1842. What is o(-80)?
2
Let c(p) = 33*p**2 + 24*p - 20. Give c(1).
37
Let u(l) = -l**2 - 17*l - 92. Give u(-12).
-32
Let a(s) = 48*s - 1752. Determine a(36).
-24
Let x(k) = -2*k**3 + 30*k**2 - 54*k - 29. Calculate x(13).
-55
Let g(x) = -41*x**3 + 9*x**2 - 5*x - 5. Give g(1).
-42
Let x(t) = -31*t + 211. Determine x(6).
25
Let u(s) = 36*s - 710. Calculate u(23).
118
Let l(y) = -y**3 + 11*y**2 + 49*y + 145. Give l(15).
-20
Let g(t) = -106*t + 116. Determine g(1).
10
Let r(g) = 7*g**3 - 24*g**2 - 6*g + 16. Determine r(5).
261
Let a(v) = -185*v + 39400. Give a(213).
-5
Let y(x) = -2*x**2 - 4*x + 56. What is y(4)?
8
Let f(m) = -90*m - 1557. What is f(-17)?
-27
Let o(j) = j**2 - 17*j - 135. Determine o(26).
99
Let r(y) = -y**2 - 33*y - 206. Calculate r(-16).
66
Let s(v) = v**3 + 8*v**2 + 5*v - 77. Give s(-11).
-495
Let u(p) = -p**2 + 49*p + 326. Calculate u(-6).
-4
Let d(x) = 53*x + 2544. Determine d(-48).
0
Let p(c) = 3*c**2 + 595*c + 6357. Calculate p(-187).
-1
Let z(n) = 3*n**3 + 27*n**2 - 76*n + 7. What is z(-11)?
117
Let x(j) = 19*j**2 + 153*j + 1. Give x(-8).
-7
Let j(i) = 62*i - 23. What is j(1)?
39
Let g(o) = 3*o**2 - 50*o + 190. Determine g(9).
-17
Let r(s) = -s**2 - 6*s - 132. Determine r(0).
-132
Let n(o) = 15*o**2 - 7*o - 16. What is n(-2)?
58
Let v(i) = -i**2 + 9*i - 11. Calculate v(5).
9
Let l(t) = 31*t - 86. Determine l(4).
38
Let f(m) = -4*m**2 + 35*m + 189. Give f(20).
-711
Let x(j) = -j**3 - 34*j**2 + 31*j - 36. Determine x(-35).
104
Let f(z) = -28*z - 128. What is f(-2)?
-72
Let g(y) = -y + 911. Determine g(-30).
941
Let l(y) = -179*y + 911. Determine l(9).
-700
Let w(z) = z**3 + 54*z**2 + 243*z - 94. Give w(-49).
4
Let x(v) = v**3 - 34*v**2 - 112*v - 105. Determine x(37).
-142
Let a(r) = 2*r**2 + 49*r + 194. What is a(-19)?
-15
Let d(r) = 243*r + 924. Calculate d(-4).
-48
Let n(k) = k**3 - 104*k**2 - 3519*k - 2368. Determine n(131).
-10
Let r(a) = -1762*a + 15868. Calculate r(9).
10
Let a(p) = 2*p**3 - 19*p**2 - 21*p + 99. What is a(10)?
-11
Let f(o) = -91*o - 1187. Calculate f(-18).
451
Let r(y) = y**2 + 5*y - 43. What is r(6)?
23
Let n(m) = m**3 - 11*m**2 + 23*m - 6. Calculate n(7).
-41
Let t(k) = k**2 + 35*k + 143. Give t(-15).
-157
Let l(y) = -21*y + 121. Calculate l(5).
16
Let r(q) = q**3 + 129*q**2 - 125*q + 632. Give r(-130).
-18
Let k(m) = 2*m**2 + 31*m - 12. Give k(-16).
4
Let g(d) = 8536*d + 8533. Give g(-1).
-3
Let s(n) = -6*n**3 + n**2 + 5*n - 12. Calculate s(2).
-46
Let b(t) = 22*t**2 - 32*t - 4. What is b(-3)?
290
Let c(k) = -2*k**3 - 19*k**2 + 172*k - 131. Calculate c(5).
4
Let o(n) = -9*n - 18. What is o(-10)?
72
Let x(p) = -p**3 - 122*p**2 + 381*p + 744. Determine x(-125).
-6
Let d(t) = t**3 - 41*t**2 + 208*t - 9. Determine d(6).
-21
Let o(w) = -w**3 - 58*w**2 - 552*w + 9. What is o(-46)?
9
Let k(x) = -3*x**2 - 114*x + 122. Give k(-39).
5
Let n(w) = -2*w**2 - 31*w - 92. Give n(-4).
0
Let a(g) = g**2 + 1299*g + 47915. Calculate a(-38).
-3
Let b(k) = -940*k - 6593. Give b(-7).
-13
Let t(c) = 30*c**2 - 124*c + 27. What is t(5)?
157
Let u(y) = -y**3 + 43*y**2 - 115*y - 173. Determine u(4).
-9
Let x(l) = 151*l + 1201. Determine x(-8).
-7
Let k(a) = -a**3 - 19*a**2 - 6*a + 105. Give k(-18).
-111
Let j(a) = -7*a + 43. Determine j(23).
-118
Let m(r) = -r**3 - 25*r**2 - 123*r - 32. Calculate m(-6).
22
Let w(b) = -b**3 + 21*b**2 + 15*b - 84. Give w(22).
-238
Let j(x) = -191*x**3 + 3*x**2 - 1. Determine j(1).
-189
Let u(g) = -390*g - 17117. Determine u(-44).
43
Let m(i) = 4*i**3 + i**2 - 4*i + 1. What is m(-3)?
-86
Let w(m) = 157*m - 1255. Calculate w(8).
1
Let d(l) = -963*l - 44304. Calculate d(-46).
-6
Let v(n) = -2*n**3 + 47*n**2 + 899*n + 38. Calculate v(36).
2
Let v(b) = -b**2 + 525*b - 24607. Calculate v(52).
-11
Let t(x) = x**3 + 2*x**2 + 3*x + 28. Determine t(0).
28
Let d(m) = 52*m**2 - 76*m + 49. Determine d(2).
105
Let y(s) = -71*s + 8521. Calculate y(120).
1
Let d(m) = 2*m**2 + 49*m + 100. Determine d(-23).
31
Let r(c) = -138*c + 1520. Give r(11).
2
Let y(k) = -2091*k - 2087. Give y(-1).
4
Let i(t) = -2*t**3 + 42*t**2 - 288*t + 20. What is i(7)?
-624
Let z(c) = 213*c - 3202. Calculate z(15).
-7
Let d(p) = 518*p - 9881. Calculate d(19).
-39
Let y(s) = s**3 + 16*s**2 + 32*s + 258. Determine y(-15).
3
Let n(i) = -5023*i + 95433. What is n(19)?
-4
Let g(p) = -10*p**2 - 21*p - 45. Give g(-7).
-388
Let a(d) = 7*d**2 + 34*d - 224. Give a(5).
121
Let h(y) = -y**2 - 6*y + 44. Determine h(7).
-47
Let h(s) = -29*s + 60. What is h(-7)?
263
Let f(j) = -j**3 + 21*j**2 - 97*j - 99. Calculate f(12).
33
Let q(i) = -14*i**2 - 121*i + 11. What is q(-9)?
-34
Let y(s) = -11*s - 588. Give y(-54).
6
Let k(f) = -6*f**2 + 29*f + 284. What is k(-5)?
-11
Let p(o) = -o**3 - 12*o**2 - 43*o - 1321. Determine p(-15).
-1
Let z(a) = -a**3 + 127*a**2 - 961*a + 1081. Give z(119).
10
Let n(g) = -17*g - 1470. Calculate n(-87).
9
Let y(l) = -4*l**2 + 37*l - 127. What is y(6)?
-49
Let g(r) = -288*r**2 + r. Calculate g(1).
-287
Let n(z) = -423*z - 945. Determine n(-2).
-99
Let m(u) = -184*u + 192. Determine m(1).
8
Let c(o) = 5172*o - 351688. What is c(68)?
8
Let f(j) = -40*j - 806. What is f(-20)?
-6
Let a(v) = 6*v**2 - 27*v - 380. Calculate a(-6).
-2
Let h(p) = 11*p - 10. Give h(4).
34
Let v(n) = 15*n + 94. Determine v(-9).
-41
Let w(f) = 1544*f + 23170. Give w(-15).
10
Let l(d) = 428*d + 5556. What is l(-13)?
-8
Let k(b) = -440*b + 39145. Calculate k(89).
-15
Let o(r) = r**2 - 16*r + 66. What is o(7)?
3
Let a(x) = x**3 + 4*x**2 - 25*x - 11. Determine a(-8).
-67
Let z(a) = -102*a + 1421. Calculate z(14).
-7
Let g(i) = i**3 + 34*i**2 + 31*i - 83. What is g(-33)?
-17
Let n(t) = -8*t + 38. Determine n(-10).
118
Let c(m) = m**3 + 10*m**2 + 5*m + 169. Give c(-11).
-7
Let t(u) = -188*u + 344. Determine t(2).
-32
Let n(h) = -h**3 - 17*h**2 - 7*h + 6. What is n(-16)?
-138
Let g(p) = 37*p**3 - p**2 - 28*p - 28. What is g(-1)?
-38
Let k(o) = o**3 - 15*o**2 - 46*o - 83. Calculate k(16).
-563
Let t(d) = -1839*d - 114025. Determine t(-62).
-7
Let v(r) = -30*r - 231. Calculate v(-8).
9
Let c(j) = -17*j**2 + 217*j - 55. What is c(12)?
101
Let a(k) = 21*k + 1563. Give a(-66).
177
Let m(f) = -f**3 + 22*f**2 - 263*f + 5140. Determine m(21).
58
Let h(j) = 76*j + 34. Calculate h(5).
414
Let q(s) = -17*s**2 + 8*s - 5. What is q(-2)?
-89
Let x(k) = -14*k**2 - 224*k - 9. What is x(-16)?
-9
Let s(c) = -c**2 - 20*c + 66. Give s(-31).
-275
Let y(w) = 4*w**3 + 113*w**